{"id":5559,"date":"2023-02-06T20:12:00","date_gmt":"2023-02-06T20:12:00","guid":{"rendered":"https:\/\/segurosruge.com\/?post_type=product&#038;p=5559"},"modified":"2023-02-06T22:59:42","modified_gmt":"2023-02-06T22:59:42","slug":"asistencia-exequial-plan-gerencial-mascotas","status":"publish","type":"product","link":"https:\/\/segurosruge.com\/index.php\/product\/asistencia-exequial-plan-gerencial-mascotas\/","title":{"rendered":"Asistencia Exequial PLAN GERENCIAL MASCOTAS"},"content":{"rendered":"<p>Retiro de la mascota fallecida en el lugar del fallecimiento (dentro del per\u00edmetro urbano) sala de duelo por 3 horas en<br \/>\ncapillas de la fe (sala especializada para este servicio), cofre f\u00fanebre especial para mascotas (una referencia),<br \/>\ncremaci\u00f3n, Tiempo de carencia 60 d\u00edas, previamente inscritas. Servicio Funeraria para mascotas con sala de velaci\u00f3n<br \/>\ntenemos en nuestras Sedes de Bogot\u00e1, Medell\u00edn, Manizales, Villavicencio,Cali, Barranquilla, Bucaramanga.<\/p>\n","protected":false},"excerpt":{"rendered":"<p>Retiro de la mascota fallecida en el lugar del fallecimiento, sala de duelo por 3 horas en capillas de la fe, cofre f\u00fanebre especial para mascotas, cremaci\u00f3n, Tiempo de carencia 60 d\u00edas.<\/p>\n","protected":false},"featured_media":5567,"comment_status":"open","ping_status":"closed","template":"","meta":{"om_disable_all_campaigns":false,"_monsterinsights_skip_tracking":false,"_monsterinsights_sitenote_active":false,"_monsterinsights_sitenote_note":"","_monsterinsights_sitenote_category":0},"product_brand":[],"product_cat":[15],"product_tag":[],"class_list":{"0":"post-5559","1":"product","2":"type-product","3":"status-publish","4":"has-post-thumbnail","6":"product_cat-uncategorized","8":"first","9":"instock","10":"shipping-taxable","11":"purchasable","12":"product-type-simple"},"aioseo_notices":[],"_links":{"self":[{"href":"https:\/\/segurosruge.com\/index.php\/wp-json\/wp\/v2\/product\/5559","targetHints":{"allow":["GET"]}}],"collection":[{"href":"https:\/\/segurosruge.com\/index.php\/wp-json\/wp\/v2\/product"}],"about":[{"href":"https:\/\/segurosruge.com\/index.php\/wp-json\/wp\/v2\/types\/product"}],"replies":[{"embeddable":true,"href":"https:\/\/segurosruge.com\/index.php\/wp-json\/wp\/v2\/comments?post=5559"}],"wp:featuredmedia":[{"embeddable":true,"href":"https:\/\/segurosruge.com\/index.php\/wp-json\/wp\/v2\/media\/5567"}],"wp:attachment":[{"href":"https:\/\/segurosruge.com\/index.php\/wp-json\/wp\/v2\/media?parent=5559"}],"wp:term":[{"taxonomy":"product_brand","embeddable":true,"href":"https:\/\/segurosruge.com\/index.php\/wp-json\/wp\/v2\/product_brand?post=5559"},{"taxonomy":"product_cat","embeddable":true,"href":"https:\/\/segurosruge.com\/index.php\/wp-json\/wp\/v2\/product_cat?post=5559"},{"taxonomy":"product_tag","embeddable":true,"href":"https:\/\/segurosruge.com\/index.php\/wp-json\/wp\/v2\/product_tag?post=5559"}],"curies":[{"name":"wp","href":"https:\/\/api.w.org\/{rel}","templated":true}]}}